 - y*i = -2568 + 713, -c = 4*i - 362. Calculate the remainder when c is divided by 15.
14
Let y be 5 - 2 - 2 - -11. What is the remainder when (8/(-6))/((-2)/48) is divided by 90/8 + (-3)/y?
10
Let g(f) = f**3 + 40*f**2 - 42*f - 38. Let y be g(-41). Suppose -2*w + 2*u + 38 = -6, y*w + 4*u - 59 = 0. What is the remainder when w is divided by 9?
3
Let d(p) = 3*p**3 + 26*p**2 + 6*p - 22. Calculate the remainder when 753 is divided by d(-8).
57
Let f(v) = -v**2 + 37*v + 513. Suppose -2*z + 65 = 3*z. Calculate the remainder when f(44) is divided by z.
10
What is the remainder when 269 is divided by 7 + (-7 - (-240)/4)?
29
Suppose -5*q + q = -o + 543, 3*o - q - 1673 = 0. Suppose 4*t - 3*h = o, 4*t - 5*h = -4*h + 557. Calculate the remainder when t is divided by 36.
31
Let r be -5*2/(-10) + 4. Suppose -g - 4*v - 16 = 4*g, -12 = -r*g + 3*v. Calculate the remainder when 28/(((-4)/16 - g)*-2) is divided by 15.
11
Let q(i) = 9*i**2 - 2*i + 13. Let x(d) = 8*d**2 - 2*d + 16. Let o(m) = 5*q(m) - 4*x(m). Calculate the remainder when o(-3) is divided by 64.
60
Let t(l) = -13*l. Suppose -2 = -3*p + 43. Let m = 18 + p. Calculate the remainder when t(-10) is divided by m.
31
Suppose -3*z - 120 - 6 = -66*z. Calculate the remainder when 189 is divided by z.
1
Let q = 7698 - 6456. Calculate the remainder when q is divided by 176.
10
Let y(r) = 19*r - 386. Suppose -u = -0*u - i - 11, 4*u = 2*i + 34. What is the remainder when y(22) is divided by (u/(-9))/((-8)/84)?
4
Let o be (-39)/(-26)*(-1820)/(-6). Suppose -5*j + l + o = -4*l, 3*j - 298 = -2*l. What is the remainder when j is divided by (9/2)/9 - (-325)/10?
30
Suppose -y + 67 = -s - 4*s, -3 = -s. Calculate the remainder when 724 is divided by y.
68
Let p = 7911 - 7816. What is the remainder when 7882 is divided by p?
92
Let b = -29 + 43. Let t(k) = 0 - 1 - 7*k + 6 + 0. What is the remainder when t(-7) is divided by b?
12
Suppose -1 = 5*k + 3*q, 4*k + 3*q + 3 = 1. Suppose -6*j - 353 = -5*c, -3560*c + 126 = -3557*c + 3*j. Calculate the remainder when c is divided by k.
0
Let x be 28*15/20 - -5. Suppose -13*a - x*a = -741. Calculate the remainder when 204 is divided by a.
14
Let m(d) = -79*d - 1601. Suppose 4*p + 179 = 27. Let w = -23 - p. Calculate the remainder when m(-21) is divided by w.
13
Calculate the remainder when 331 is divided by ((-256)/(-24))/((-8)/(-48)).
11
Calculate the remainder when 280 is divided by (4 - (-165)/(-44))*164.
34
Suppose -2*b + 86 = -0*b. Let j = 64 - b. Calculate the remainder when (-64 + -1 - -1)*-1 + -2 is divided by j.
20
Let q(d) = -21*d**2 + 88*d - 3. Let g(i) = i**3 - 2*i - 2. Calculate the remainder when g(3) is divided by q(4).
6
Let y = -251 - -248. What is the remainder when 206 is divided by 19 - y*(-1 - 0)?
14
Let i = 33 - 16. Suppose 139*c - 155*c + 864 = 0. What is the remainder when c is divided by i?
3
Suppose 18 = q + 5*y, -y = 2*q + 3*y - 36. Let d(r) = 22*r**3 - r**2 - 3*r - 2. Let g be d(2). Let a = g + -75. Calculate the remainder when a is divided by q.
17
Suppose -o - 75 = -253. Let b = o + -80. Calculate the remainder when b is divided by 25.
23
Let b be ((-3)/(-1))/(1*(1 + 0)). Suppose -5*w - 180 = -4*s, b*s = 4*w + 86 + 49. Calculate the remainder when 223 is divided by s.
43
Suppose -2*n + 2*z + 74 = 0, -3*n = 5486*z - 5481*z - 79. Let u = 583 - 223. What is the remainder when u is divided by n?
30
Let n(j) = -j + 42. Let b be n(-14). Suppose 0 = 4*z + 82 + 110. Let h = z + b. Calculate the remainder when 38 is divided by h.
6
Suppose 198 = -3*c + 4*u, 3*c = 4*c - 3*u + 66. Let g = 124 + c. What is the remainder when g is divided by 11?
3
Suppose -n = 250 - 1907. Calculate the remainder when n is divided by 64.
57
Let d = 40 + -41. Let y(j) = 165*j**2 + 5*j + 6. Calculate the remainder when y(d) is divided by 17.
13
Suppose -52348 + 162454 = 27*y. Calculate the remainder when y is divided by 48.
46
Let s(r) = 22*r + 1. Suppose 5*c = 31*n - 28*n - 40, -c + 4 = 0. Calculate the remainder when s(19) is divided by n.
19
Suppose 3*b + 4*n - 421 = -87, -9*b + 939 = 3*n. What is the remainder when 2133 is divided by b?
93
Let c = 869 - 758. Suppose -11 = -c*h + 110*h. Let q = 179 - 59. Calculate the remainder when q is divided by h.
10
Let m = 85 + -122. Let s = -67 - m. Let v = -7 - s. What is the remainder when v is divided by 9?
5
Suppose 208 = 2*i - 3*r - r, -3*r - 297 = -3*i. Suppose -308*g + 5825 - 1267 = -4066. Calculate the remainder when i is divided by g.
10
Let s = 13152 + -12993. Calculate the remainder when 2383 is divided by s.
157
Suppose 4*z + 7*s = 483, -85*z + s - 627 = -90*z. Calculate the remainder when z is divided by 10/(-1*4/(-6)).
6
Let a = -26269 + 26382. Suppose -2*f + 3*f = 3*b + 33, 0 = f - b - 37. Calculate the remainder when a is divided by f.
35
Suppose 0 = 2*a - 4*c - 24, a + 0*a + 5*c = 26. Suppose 38*b + 743 - 289 = 3912. Calculate the remainder when b is divided by a.
11
Let c be 77/6*3*2. Suppose c = 4*b + 3*r - 332, -5*b = -3*r - 518. Suppose -6 = 2*p, 29*l - 3*p + 21 = 31*l. What is the remainder when b is divided by l?
13
Let d = -148 + 83. Let k = d - -78. Calculate the remainder when k is divided by 4.
1
Let m = -396 + 385. Let t(h) = -3*h**2 - 37*h - 10. Calculate the remainder when 193 is divided by t(m).
23
Let f be 11 + -32 + 4 + 12. Let p(m) be the third derivative of -m**4/6 - m**3/2 + m**2. Calculate the remainder when 65 is divided by p(f).
14
Let q = -4509 - -4530. Calculate the remainder when 621 is divided by q.
12
Suppose 4*a = 15 - 3, 3*p + 4*a = 255. Suppose -5*n + 10*n - p = -2*g, 5*g = 2*n + 130. Calculate the remainder when g is divided by 11.
6
Let v be (-15)/(0 + (-15)/10). Let s(n) = n**3 - 11*n**2 + 12*n + 5. Let t = 88 + -40. Calculate the remainder when t is divided by s(v).
23
Let r be (-60)/16 + 4 + 259/4. Suppose 0 = 2*d + 31 - r. Suppose -99 = -2*q + d. Calculate the remainder when q is divided by 20.
18
Suppose -2*l = 2*n - 3705 + 3051, -4*n + 24 = 0. Suppose 5*q - 2 = 43. Calculate the remainder when l is divided by q.
6
Suppose 20 = 4*i, 2*r - 4*i = -3*r - 20. Suppose 6*b + 77 = 11*b + 3*s, -4*s - 4 = r. What is the remainder when 94 is divided by b?
14
Let r = -257 - -259. Suppose -24 = -5*p - 3*l, -5*l + l = p + r. Calculate the remainder when p is divided by 1.
0
Suppose -6*w + 451 = 5*w. Suppose -44*j + w*j = -27. Let k = 32 + -31. Calculate the remainder when j is divided by k.
0
Let r = -24 + 34. Let s be -14 + r + 0 + 6. Suppose 2*a + 3*a - 48 = -s*g, -g = a - 9. What is the remainder when 48 is divided by a?
8
Suppose 51 = u - 2*o, 11*o - 190 = -5*u + 8*o. What is the remainder when 729 is divided by u?
32
Let g(l) = -l**2 - 97*l - 886. Let s(i) = i**3 - 2*i**2 - 7*i + 5. Calculate the remainder when g(-86) is divided by s(4).
6
Let b(y) = 68*y + 6247. What is the remainder when b(-61) is divided by 42?
41
Suppose -5*x + 378 = 2*m, 6*x = -4*m + 2*x + 732. Let k = m - 156. Let b = -10 - -22. Calculate the remainder when k is divided by b.
11
Suppose 0 = 2*w - 3*w + 278. Let k = 283 - w. What is the remainder when 23 is divided by k?
3
Suppose -245*u = -248*u + 66. Calculate the remainder when (1 - -149)/2 + -2 is divided by u.
7
Let d(u) = 32*u**2 - 334*u - 663. What is the remainder when 804 is divided by d(-2)?
6
Suppose -8*s + 11900 = 24*s - 6276. Calculate the remainder when s is divided by 195.
178
Suppose 28266 = 4*b + 2*k, -2*b = -5*k - 14201 + 98. Calculate the remainder when b is divided by 157.
156
Let v(a) = a**3 + 14*a**2 + 13*a + 4. Suppose 87 = -2*j + 65. Let p be v(j). Let g = p - -69. Calculate the remainder when g is divided by 49.
48
Suppose 252 = 2*n - v, -5*n + 834 = 4*v + 191. Calculate the remainder when 989 is divided by n.
100
Suppose -5*h = -2*y - 580, -5*y = -5*h + 6*h + 1504. What is the remainder when 449 is divided by (48/(-32))/(-1 - 291/y)?
49
Let v = 2891 + -2849. Calculate the remainder when 183 is divided by v.
15
Let d = 323 + 49. Calculate the remainder when 1117 is divided by d.
1
Suppose 4*s = 25416 + 56016. Suppose -10*t + s = 17*t. Calculate the remainder when t is divided by 14.
12
Suppose -3*f - 22 = -4*f. What is the remainder when -31 + 25 - -7*4 is divided by f/4 + (-4)/(-8)?
4
Let o(d) = d**3 - 35*d**2 - 117*d - 2. What is the remainder 